 when k(-5) is divided by 34?
30
Let o(p) = -27*p + 47. Let y be o(5). Let r = -78 - y. Calculate the remainder when 37 is divided by r.
7
Let w be ((0 + 23)*-5)/(-1). Let f = -80 + w. Suppose -4*p + 5*x + f = 0, -5*p + 15 = -4*x - 31. What is the remainder when 39 is divided by p?
9
Suppose -4*w + 5*q + 237 = 0, 5*w + q - 4*q - 293 = 0. Let h = 42 - 42. Suppose h = -2*a + 14 + 26. Calculate the remainder when w is divided by a.
18
Let u(b) = -b**2 + 45*b + 54. Calculate the remainder when u(46) is divided by 2.
0
Let g = -1 - -39. Let r be -2 + (8 - 2) - 2. Suppose 50 = 7*o - r*o. What is the remainder when g is divided by o?
8
Suppose 0 = 3*l - 641 + 566. Suppose 2*j - 102 = -4. Calculate the remainder when j is divided by l.
24
Suppose -3*i - 2*j = -146, 2*i + i = j + 143. Let n(d) = -14 - 19 + 31 + 27*d. What is the remainder when i is divided by n(1)?
23
Suppose -72 = 3*p + 9*p. What is the remainder when 13 is divided by 5/p*-2*(1 + 2)?
3
Suppose 0 = 2*n - 25 + 3. Suppose -4*k + 5*w + 46 = -3*k, -109 = -4*k - 5*w. Calculate the remainder when k is divided by n.
9
Let y(h) = h**3 + 6*h**2 + 11*h + 25. What is the remainder when 259 is divided by y(-4)?
12
Suppose 13*u + 264 = 16*u. Calculate the remainder when 348 is divided by u.
84
Suppose -u + 284 = 3*u. Let n(y) = -31*y + 29. Let v be n(-3). Suppose 5*t - 2*x - v = 0, 2*x = -5*t + t + 94. Calculate the remainder when u is divided by t.
23
Let q(o) = 16*o**2 + 2*o + 14. What is the remainder when q(-3) is divided by 51?
50
Suppose -5*d - 4*p = -0*d + 23, 4*d + 16 = -2*p. Let l be d - 21 - (0 + -3). Let f = -5 - l. Calculate the remainder when f is divided by 6.
4
Let y = -34 - -47. Let r = 40 + -13. Suppose 23 + r = j. What is the remainder when j is divided by y?
11
Let h(u) = -16*u + 479. Calculate the remainder when h(13) is divided by 21.
19
Let b(m) = 390*m**2 + 6*m + 1. Let f be b(-1). Suppose -f = -2*p - 53. Calculate the remainder when p is divided by 34.
30
Suppose -2*b - 3*p + 130 = 0, -254 = -4*b + 2*p - 10. Suppose 12*i - 50 = 466. Suppose 7*v - i = 69. Calculate the remainder when b is divided by v.
14
Let o = -56 - -57. What is the remainder when (0 - 2)*-46*o/4 is divided by 16?
7
Suppose -31 = -a - 102. Let r = 75 + a. Calculate the remainder when 22 is divided by r.
2
Let k = 57 - -446. What is the remainder when k is divided by 24?
23
Let b = 96 - 81. Calculate the remainder when b is divided by 3.
0
Suppose 34*a = 45*a - 242. Calculate the remainder when 83 is divided by a.
17
Suppose 4*w + 39 = -32*a + 33*a, 3*w - 34 = -2*a. What is the remainder when 66 is divided by a?
20
Let r(v) = 2*v**2 + 4*v + 29. Suppose 0 = -t + 3*w - 14, 0 = t + t + 4*w - 2. Calculate the remainder when r(t) is divided by 22.
15
Let r be (186/(-15))/(2/(-10)). Let n = r + -15. Suppose -3*b + 60 = 2*b. What is the remainder when n is divided by b?
11
Let s = 978 - 975. What is the remainder when 7 is divided by s?
1
Let a = -219 - -228. What is the remainder when 51 is divided by a?
6
Let i = 1 + 1. Let y(d) = d**3 - d - 1. Suppose 3 - 30 = -3*b. Calculate the remainder when b is divided by y(i).
4
Suppose 0 = 23*o - 24*o + 2. Suppose 3*b = -o*a + 11, -2 = 2*b - 0*b - a. Calculate the remainder when (-2)/(4/2*-1) is divided by b.
0
Suppose 5*u - 3*d - 2*d = 1390, -4*u + 5*d + 1111 = 0. What is the remainder when u is divided by 14?
13
Let x(g) = -2*g**2 - 104*g + 985. Let f = -35 - -81. Calculate the remainder when f is divided by x(-60).
21
Let n(g) = g**3 - 24*g**2 + 9. What is the remainder when 458 is divided by n(24)?
8
Calculate the remainder when 31 is divided by 2/((4 - 5)*(-3)/33).
9
Suppose -x = 4*x + 70. Let s = x + 22. What is the remainder when 26 is divided by 144/10 - s/20?
12
Suppose 2*p = -p + 6. Suppose 0 = p*j - 54 - 56. Let g = -297 + 316. What is the remainder when j is divided by g?
17
Let a = -92 + 162. What is the remainder when 69 is divided by a*((-6)/4 - -2)?
34
Let y(h) = h**3 - 5*h**2 + 7*h - 5. Suppose 5*u - 12 = 2*u. Suppose 4*f = 4*i + u, i = 5*f - 3*i - 7. What is the remainder when y(4) is divided by f?
1
Let v(m) = 241*m**3 + 3*m**2 - 7*m + 4. Calculate the remainder when v(1) is divided by 10.
1
Suppose 0 = -2*r + 27 + 137. Let w = -4 + r. Suppose 80 = -2*u + 6*u. Calculate the remainder when w is divided by u.
18
Let u(c) = c**2 - 4*c + 34. Let q be u(0). Suppose 24*z - 25*z + q = 0. What is the remainder when 66 is divided by z?
32
Suppose -4*s - 5*c + 1507 = 0, s + 0*c = -5*c + 388. Suppose -374*a = -s*a - 13. Let m = 36 + 13. What is the remainder when m is divided by a?
10
Let m(i) = -i**2 + 20 - 2*i**3 + 4*i - 6 + 3*i**3 - 3*i. What is the remainder when m(0) is divided by 4?
2
Let w be (-2 + -1)/(2/(-2)). Suppose 0 = 4*n - 4*p - 20 - 36, -w*n + p = -52. Calculate the remainder when n is divided by (26/(-3))/((-14)/21) + -2.
8
Suppose 0 = 2*d - d - 37. Let i = -22 + d. Calculate the remainder when 59 is divided by i.
14
Suppose -u + 6*u - 20 = 0. Let h(v) = -v**3 + 3*v**2 + 5*v + 1. Let d(q) = q. Let g(j) = 2*d(j) - h(j). What is the remainder when 3 is divided by g(u)?
0
Let i be -2*(-3 - (0 - 1)). Let q be i*(108/16 - 3). Suppose -2*h + q + 55 = 0. Calculate the remainder when 68 is divided by h.
33
Suppose 3*i = 5*s - 45, 5*s - 2*i + 0*i = 50. Calculate the remainder when 424/6*(-33)/(-22) is divided by s.
10
Let l = 1529 + -1468. What is the remainder when 546 is divided by l?
58
Let s = 116 + -77. Suppose -2*c = -s - 13. What is the remainder when 49 is divided by c?
23
Suppose 0 = 6*m - 3*m - 36. Suppose -4*y + m = -2*y. Calculate the remainder when 9 is divided by y.
3
Suppose -40 = 2*n - w, -6*n - w = -2*n + 68. Let a = -5 - n. Let k = 21 - a. What is the remainder when 14 is divided by k?
6
Let k be 3/(-2) - 194/(-4). Let g = 64 - k. What is the remainder when 83 is divided by g?
15
Let z = -143 - -180. What is the remainder when 124 is divided by z?
13
Suppose -5*y + 3407 = -3*o, 0 = -14*y + 15*y - 4*o - 695. What is the remainder when y is divided by 3?
1
Let l(u) = -u**2 + 13*u + 17. Let a be l(14). Suppose 5*p = -5, -8 = a*g + 5*p - 24. What is the remainder when 14 is divided by g?
0
Let j = 15 - 24. Let k = j - -35. Calculate the remainder when k is divided by 15.
11
Suppose -i = -h - 2, -2*h - 2*h + 3*i = 5. Let y(q) = -2*q**3 + 43*q**2 + 121*q - 23. Calculate the remainder when h is divided by y(24).
0
Suppose q = -3*q + 948. Let c = 4 + -12. What is the remainder when 73 is divided by q/6 - (-12)/c?
35
Let m = 9 - 5. Suppose -5*c + 28 = -2*u, 3 + 5 = 5*c + 3*u. Calculate the remainder when m is divided by c.
0
Suppose 1828 = 5*p + 1668. Calculate the remainder when 110 is divided by p.
14
Suppose 4*h - 2*p + 290 = 0, 0 = 3*h + 2*p + 3*p + 198. Let g = -39 - h. Calculate the remainder when g is divided by (17 - (-2 - -2))/1.
15
Suppose 13*s - 8*s = -15. Let c = 25 + s. What is the remainder when c is divided by 13?
9
Suppose 0 = -2*n + 53 + 17. What is the remainder when 102 is divided by n?
32
Suppose 2*d + 3*d - 3*f = 22, 2*d - 8 = f. Suppose -d*t - 4 = 2*t. Calculate the remainder when 43 is divided by (-136)/(-12) + t/3.
10
Let v(h) = -h**3 + 8*h**2 + 5*h + 45. Calculate the remainder when v(9) is divided by 5.
4
Let j = -618 - -641. Calculate the remainder when 1010 is divided by j.
21
Calculate the remainder when (-364 + 7)/(-7) + -8 + 3 is divided by 4.
2
Suppose -5*m + 184 + 6 = 0. Suppose -69 = -4*w + a, -2*w + m = -2*a - 2*a. Calculate the remainder when 32 is divided by w.
15
Let j(m) = 44*m**2 + 6*m - 10. Let i be j(5). Suppose 0 = 5*x - 0*x - i. Suppose -7*n + x = n. What is the remainder when n is divided by 10?
8
Let w = 13 - 95. Let k = 94 + w. What is the remainder when 23 is divided by k?
11
Let t(s) = 30*s - 3. Calculate the remainder when t(2) is divided by 4.
1
Suppose -4*j + 72 = -20. What is the remainder when 59 is divided by j?
13
Suppose -14*w + 1592 + 2636 = 0. What is the remainder when w is divided by 51?
47
Suppose 0 = -2*x - 22 + 14, -5*k - x = -3081. What is the remainder when k is divided by 23?
19
Let j be 24/(-36) - (56/6)/(-2). Suppose 3*k - 15 = 0, 4*k + 41 = j*c - 23. Calculate the remainder when 39 is divided by c.
18
Suppose -5*n + 4*q = -413 + 118, -257 = -4*n - q. Suppose p - 2 - 15 = 0.